ors of 26528732?
2, 271, 24473
What are the prime factors of 127785267?
3, 14198363
What are the prime factors of 310601976?
2, 3, 37, 257, 1361
What are the prime factors of 1711066377?
3, 570355459
List the prime factors of 4231407477.
3, 11, 1381, 92849
What are the prime factors of 4898046746?
2, 19, 128895967
What are the prime factors of 105144499?
19, 47, 6197
What are the prime factors of 63491048?
2, 43, 184567
What are the prime factors of 824919776?
2, 25778743
List the prime factors of 3449150068.
2, 7, 13, 728899
List the prime factors of 2573057635.
5, 5869, 87683
List the prime factors of 202204877.
7, 43, 671777
What are the prime factors of 465012993?
3, 73, 191, 11117
List the prime factors of 7558303.
7558303
What are the prime factors of 58840175?
5, 37, 63611
List the prime factors of 3401193431.
3401193431
List the prime factors of 1327519642.
2, 67, 9906863
What are the prime factors of 233469375?
3, 5, 41, 3037
List the prime factors of 340149459.
3, 13, 197, 44273
What are the prime factors of 809234974?
2, 31, 43, 303539
List the prime factors of 41920547.
179, 234193
What are the prime factors of 149109315?
3, 5, 61, 107, 1523
What are the prime factors of 2112123311?
3851, 548461
List the prime factors of 870469538.
2, 1583, 274943
List the prime factors of 180958449.
3, 7, 89, 96821
List the prime factors of 54856045.
5, 10971209
What are the prime factors of 771280623?
3, 19, 501157
List the prime factors of 623803063.
13, 3389, 14159
What are the prime factors of 286901130?
2, 3, 5, 9563371
What are the prime factors of 66054322?
2, 33027161
List the prime factors of 85814308.
2, 1429, 15013
What are the prime factors of 2118774846?
2, 3, 353129141
List the prime factors of 3177586245.
3, 5, 211839083
List the prime factors of 2798321673.
3, 7, 47, 107, 26497
List the prime factors of 416509996.
2, 7, 17, 125003
List the prime factors of 234452262.
2, 3, 11, 47, 6871
List the prime factors of 35560353.
3, 11853451
What are the prime factors of 124381487?
131, 949477
List the prime factors of 661114175.
5, 59, 397, 1129
What are the prime factors of 8117998293?
3, 2705999431
What are the prime factors of 325027644?
2, 3, 89, 271, 1123
What are the prime factors of 282976647?
3, 251, 375799
List the prime factors of 94944936.
2, 3, 211, 18749
What are the prime factors of 265907026?
2, 7, 11, 31, 73, 109
What are the prime factors of 204355055?
5, 59, 692729
What are the prime factors of 127951277?
23, 29, 191831
List the prime factors of 31854655.
5, 7, 23, 5653
List the prime factors of 288260913.
3, 19, 149, 33941
What are the prime factors of 32354157?
3, 11, 359, 2731
What are the prime factors of 2204502844?
2, 43, 12816877
List the prime factors of 28335745.
5, 19, 71, 4201
List the prime factors of 192668897.
192668897
List the prime factors of 81083779.
7, 83, 19937
What are the prime factors of 1258936222?
2, 629468111
What are the prime factors of 15304267?
11, 17, 223, 367
What are the prime factors of 928211338?
2, 6829, 67961
List the prime factors of 22962390.
2, 3, 5, 11, 149, 467
List the prime factors of 118827375.
3, 5, 71, 4463
What are the prime factors of 9001063?
9001063
List the prime factors of 3280404247.
593, 2347, 2357
What are the prime factors of 188345581?
188345581
List the prime factors of 6934512271.
2657, 2609903
List the prime factors of 2861733072.
2, 3, 11, 5419949
List the prime factors of 272697766.
2, 11, 19, 241, 2707
List the prime factors of 55816461.
3, 31, 37, 5407
What are the prime factors of 71446971?
3, 17, 31, 45191
List the prime factors of 162526879.
11171, 14549
What are the prime factors of 800242522?
2, 400121261
What are the prime factors of 170131810?
2, 5, 59, 288359
List the prime factors of 310760051.
7, 17, 73, 83, 431
List the prime factors of 73502072.
2, 7, 61, 21517
What are the prime factors of 1178873789?
17, 359, 193163
What are the prime factors of 2562765017?
179, 14317123
What are the prime factors of 73993996?
2, 17, 67, 109, 149
What are the prime factors of 173882182?
2, 86941091
List the prime factors of 228336543.
3, 587, 14407
List the prime factors of 71313230.
2, 5, 7131323
List the prime factors of 1061113776.
2, 3, 827, 26731
List the prime factors of 258307720.
2, 5, 11, 587063
What are the prime factors of 39576268?
2, 3089, 3203
List the prime factors of 109761757.
7, 43, 364657
What are the prime factors of 45498424?
2, 5687303
List the prime factors of 3881641838.
2, 1940820919
List the prime factors of 3114261005.
5, 622852201
List the prime factors of 92525068.
2, 53, 436439
List the prime factors of 1251403046.
2, 625701523
List the prime factors of 137780866.
2, 1867, 36899
List the prime factors of 21382093.
21382093
List the prime factors of 1521019186.
2, 760509593
What are the prime factors of 623888713?
7, 89126959
What are the prime factors of 1413970890?
2, 3, 5, 109, 383, 1129
List the prime factors of 9612837.
3, 13, 17, 179
List the prime factors of 50697274.
2, 1171, 21647
List the prime factors of 37938535.
5, 19, 399353
List the prime factors of 57440623.
57440623
What are the prime factors of 1726552253?
1726552253
List the prime factors of 1955820682.
2, 47, 821, 25343
List the prime factors of 4672052.
2, 7, 11, 197
What are the prime factors of 1190079287?
1190079287
List the prime factors of 3430319501.
7, 490045643
List the prime factors of 226950369.
3, 75650123
List the prime factors of 69854677.
69854677
List the prime factors of 9575756.
2, 43, 55673
List the prime factors of 364301211.
3, 17, 61, 117101
List the prime factors of 64605422.
2, 7, 41, 2297
List the prime factors of 48554122.
2, 31, 783131
List the prime factors of 2387513.
2387513
What are the prime factors of 678267791?
389, 1171, 1489
List the prime factors of 3427343088.
2, 3, 13, 307, 17891
What are the prime factors of 1124154823?
11, 109, 937577
What are the prime factors of 124734896?
2, 11, 13, 54517
List the prime factors of 4294455405.
3, 5, 79, 3624013
What are the prime factors of 911239351?
11, 127, 652283
What are the prime factors of 230946909?
3, 103, 747401
List the prime factors of 7227497.
23, 314239
What are the prime factors of 4631886603?
3, 131, 173, 22709
What are the prime factors of 308242284?
2, 3, 7, 401, 9151
List the prime factors of 30396724.
2, 7599181
What are the prime factors of 491229107?
9419, 52153
What are the prime factors of 36042232?
2, 47, 95857
List the prime factors of 915644955.
3, 5, 61042997
List the prime factors of 4614519376.
2, 223, 1293307
What are the prime factors of 26954681?
13, 59, 113, 311
List the prime factors of 18269779.
11, 1660889
What are the prime factors of 20628621?
3, 13, 58771
What are the prime factors of 1440109563?
3, 47, 10213543
List the prime factors of 92048520.
2, 3, 5, 767071
What are the prime factors of 183734216?
2, 22966777
What are the prime factors of 2210738151?
3, 167, 811, 5441
What are the prime factors of 3715297389?
3, 45867869
List the prime factors of 99263995.
5, 43, 461693
What are the prime factors of 566364209?
719, 787711
List the prime factors of 683345706.
2, 3, 3001, 37951
List the prime factors of 245445574.
2, 11, 79, 141223
List the prime factors of 69932646.
2, 3, 7, 83, 743
List the prime factors of 84239469.
3, 9359941
What are the prime factors of 234685440?
2, 3, 5, 11, 463
List the prime factors of 212441973.
3, 43, 107, 15391
List the prime factors of 484602780.
2, 3, 5, 41, 196993
What are the prime factors of 166258542?
2, 3, 137, 223, 907
List the prime factors of 537850949.
4871, 110419
What are the prime factors of 77423077?
77423077
List the prime factors of 209261196.
2, 3, 37, 157103
List the prime factors of 1529406855.
3, 5, 31, 1096349
List the prime factors of 2768546029.
1429, 1937401
List the prime factors of 2694562046.
2, 11, 122480093
What are the prime factors of 897108970?
2, 5, 167, 537191
What are the prime factors of 1154187539?
1154187539
List the prime factors of 3733279491.
3, 1244426497
List the prime factors of 2172340881.
3, 149, 1619941
List the prime factors of 192397137.
3, 877, 73127
List the prime factors of 1817345905.
5, 103, 3528827
List the prime factors of 230805694.
2, 7, 379, 43499
Li